159 + 62. What is the highest common divisor of h and 66?
33
Let o(r) = -7*r**3 - 216*r**2 - 18*r + 134. Let f be o(-31). What is the greatest common divisor of 1368 and f?
57
Let l be 122/4*(12 + 61 + 13). Calculate the highest common factor of 43 and l.
43
Suppose -7784 = -5*c - 4*w, 9*w - 8*w + 7804 = 5*c. Calculate the highest common divisor of 208 and c.
104
Suppose 0 = i + 2*a - 23, 3*i - 2*a - 17 = 76. Let x(j) = j**2 + 103*j - 979. Let f be x(9). Calculate the highest common factor of f and i.
29
Let w be (16420/(-320)*-12)/(7/(-4) - -2). Calculate the highest common factor of 6 and w.
3
Let a be ((-149)/(-39) - 48/312)/((-2)/(-174)). Calculate the highest common divisor of a and 22.
11
Suppose -25*a + 24*a + 5*z + 69 = 0, 0 = a + 3*z + 3. Let k = -5 - -6. Calculate the highest common divisor of k and a.
1
Suppose 264 = 2*l + l. Let r(x) = 3*x**3 + 54*x**2 + 43*x + 18. Let t be r(-17). Calculate the greatest common divisor of t and l.
22
Let z(b) = 5*b**3 - b + 1. Let w be z(1). Suppose 4*y - 35 = 3*i - 273, 2*i = -5*y + 128. Let f = i + -64. Calculate the highest common divisor of f and w.
5
Let q be -20*((-26)/8 - -3). Let g be (-2)/(-4)*(-9 + q/(-5)). Let h be (4/(6 + -2))/(-1)*g. Calculate the highest common divisor of h and 25.
5
Let y be (-1)/(-1) - -4548 - (-28)/(-392)*14. What is the greatest common divisor of y and 12?
12
Let w(s) = -55*s - 137. Let u(a) = -26*a - 68. Let q(g) = 14*u(g) - 6*w(g). Let f be q(-10). What is the highest common factor of 6 and f?
6
Let o = 2241 + -1342. Suppose 267*z - 243*z = 696. Calculate the greatest common divisor of z and o.
29
Suppose -2*i - 3172 - 710 = -4*o, o - 978 = 3*i. Calculate the greatest common factor of 255 and o.
51
Suppose -109*a + 110*a + 60 = 0. Let k = 59 - a. What is the greatest common factor of 17 and k?
17
Let u = -566 - -575. Let i be ((-23950)/6)/(-5) - 3/u. What is the greatest common divisor of i and 42?
42
Let s be 15 - 0/(-1) - -3 - (281 - 273). Calculate the greatest common divisor of 23710 and s.
10
Let x be (-259)/21*(-15 + 0). Calculate the highest common factor of 13135 and x.
185
Let c(k) = 2263*k + 87. Let b be c(1). Calculate the greatest common divisor of b and 100.
50
Let n = 23771 + -22185. Calculate the greatest common divisor of n and 377.
13
Let p = -145 - -80. Let k be (0 + p)/(2 + (-10)/4). What is the greatest common factor of k and 52?
26
Let v be (-75)/2*(-3 - (-88)/(-24) - -6). Let d = 4021 + -2846. What is the greatest common factor of d and v?
25
Let v be -8 + 135 + 8 - -2 - 8. Calculate the highest common factor of 4773 and v.
129
Suppose 4*k = -0*k + 208. Let v(h) = -h**3 + 14*h**2 - 26*h + 224. Let l be v(10). What is the highest common factor of l and k?
52
Let q = 10082 - 8813. What is the highest common factor of q and 216?
27
Suppose -168 = -4*s - 4*l, 5*l - 165 = -5*s + s. Suppose 4*t - 41 = -s. Let g be -2 + (89 + 2 - t). What is the greatest common factor of g and 10?
10
Let i(g) = -2*g**3 - 13*g**2 - 8*g + 9. Let r be i(-9). Let u = r + -442. What is the greatest common divisor of 12 and u?
4
Let q = 109 - 114. Let w be q + 0 + 7 + 2. Calculate the highest common divisor of w and 5.
1
Let y(p) = -p**2 - 20*p - 30. Let s be y(-18). Suppose -6*h - s = -9*h. Suppose 9*v + 3*v = 216. What is the highest common factor of v and h?
2
Let t(n) = -n**2 + 10*n - 9. Let b be t(8). Let q(v) = v**3 - 164*v**2 + 95*v + 11273. Let k be q(163). What is the highest common factor of k and b?
7
Let m(p) = 8*p**3 - 2*p**2 + 3*p - 3. Let l be m(1). Suppose 2*o + l = 2*t, -t + 5 + 16 = 5*o. What is the highest common divisor of 78 and t?
6
Let d = -317 + 339. Let p be (-1898)/(-4) - (4 + (-99)/d). Calculate the highest common factor of p and 25.
25
Let f(q) = q**3 - 14 + 7 - 1 - 18*q**2 - 16*q - 9. Let l be f(19). What is the highest common divisor of 320 and l?
40
Suppose 73*p + 2600 - 3768 = 0. Let v(f) = -153*f - 1. Let c be v(-1). What is the highest common divisor of p and c?
8
Let h be (858/(-195))/(3/(-1470)). What is the greatest common factor of h and 49?
49
Let r(z) be the second derivative of 2*z**3/3 - z**2/2 - 3*z. Let k be r(7). Let h = 652 - 436. What is the highest common divisor of h and k?
27
Suppose -5 = -2*o - 3*u - 22, 2*o = 2*u + 8. Let d be (o - (3 + 1)) + (-665)/(-7). What is the greatest common factor of d and 720?
90
Suppose -l - 13 = 0, 169*v - 164*v = 5*l - l + 182. Let m(w) = 17*w**2 - 3*w + 3. Let s be m(2). What is the greatest common divisor of v and s?
13
Suppose -2107 = -c - 2099. Suppose -183 + 103 = -c*r. What is the highest common factor of 2 and r?
2
Let x(b) = -5*b**2 - 54*b + 402. Let d be x(5). Let h = 132 - 76. What is the greatest common factor of h and d?
7
Let b be (9/(-6))/((-3)/6). Let u(t) = -15*t + 67. Let w be u(b). Calculate the greatest common factor of w and 374.
22
Suppose 0 = -2*t + t + 3*j, -t - 4 = -5*j. Let g = 244 - 74. Let y = -116 + g. Calculate the highest common factor of y and t.
6
Let d(o) = 85*o + 1564. Let f be d(21). What is the highest common divisor of 17 and f?
17
Suppose -75*i = -79*i + 168. Let j = 1404 - 1398. What is the highest common divisor of j and i?
6
Suppose -f - 14 = -3*f. Suppose -5*s = 3*g - 143, -3*s + 137 + 72 = 4*g. Calculate the highest common divisor of f and g.
7
Suppose 3*p = -t + 346 - 96, -4*p - 8 = 0. Let q = -112 + t. Calculate the highest common factor of q and 27.
9
Let i(c) = 3*c**2 - 5*c - 13. Let x be i(-9). Suppose 5*f + 5*y = 24 + 6, -f + 3*y + 26 = 0. Calculate the greatest common divisor of x and f.
11
Suppose -167*x - 3 = -168*x. Suppose -n + 4*b = -464, x*b = -3*n + 8*b + 1378. Calculate the greatest common factor of 24 and n.
24
Suppose -32*r - 4691 = -27027. Let l = 728 - r. What is the greatest common factor of 105 and l?
15
Let p = 4736 + -3648. Calculate the greatest common divisor of p and 425.
17
Let g(c) = 4*c**2 + 25*c - 33. Let k be g(-11). Calculate the greatest common divisor of k and 2200.
88
Let p(o) = 31*o**2 - 17*o - 16. Let j(c) = -10*c**2 + 6*c + 5. Let g(u) = 8*j(u) + 3*p(u). Let b be g(3). What is the highest common divisor of 40 and b?
20
Let v = 142 - 243. Let f = 66 - v. Suppose -f + 17 = -6*h. Calculate the greatest common factor of 125 and h.
25
Let s = 98 + -51. Suppose -41*a - 6 = -s*a. Let o be (a*5)/((-12)/(-132)). What is the greatest common factor of 5 and o?
5
Let w(d) = d**2 - 9*d - 48. Let z be w(12). Let p be 112/z*-1*6. Calculate the greatest common factor of 21 and p.
7
Let f be 3/(-2) + (-365)/(-10). Suppose 0 = -10*r + 1694 - 1594. What is the highest common factor of f and r?
5
Let g(w) = 7*w + 4. Let r be g(-1). Let i be 270/(-36)*38/r. What is the highest common divisor of 57 and i?
19
Let d be (6/(-4))/(9/(-24)). Let i = 486 - -11. Let p = i + -489. What is the highest common divisor of p and d?
4
Let r = 122 + -127. Let h be 9 + r + (-2 - -4). Calculate the greatest common factor of 21 and h.
3
Let f(r) = 49*r - 17. Suppose -6 = 14*g - 16*g. Let c be f(g). What is the greatest common divisor of 26 and c?
26
Let g(u) = 2*u**3 + 49*u**2 + 23*u + 6. Let l be g(-24). Suppose 2*q + 3*d - l = 0, -3*d + 66 = 4*q - 0*d. What is the greatest common divisor of q and 180?
18
Let b = 5754 - 4137. What is the greatest common factor of b and 294?
147
Let j = 39 + -37. Suppose z - 2*y - y = -4, 0 = 2*z - j*y - 4. Suppose -19*x + z*x + 2744 = 0. Calculate the greatest common divisor of x and 28.
28
Let w(i) = -14*i**3 - 11*i**2 + 2*i + 67. Let a be w(-4). Calculate the highest common factor of a and 41.
41
Suppose -3*d + 11*d - 9333 = -43*d. What is the highest common factor of 9 and d?
3
Suppose -6*i = -11*i + 835. Suppose 0*f - 2*f = -3*n - 97, 4*f + 3*n = i. Suppose 0 = -2*x - f + 114. Calculate the greatest common factor of 245 and x.
35
Let h = -29112 - -29432. Suppose -60 = -3*c - 0. What is the greatest common divisor of c and h?
20
Let h = -29 - -44. Let q(n) = 3*n**2 + 8*n + 2*n + 26 - h. Let b be q(-7). Calculate the highest common factor of b and 11.
11
Let y(z) = -28*z - 62. Let p(d) = -2*d**2 - d + 41. Let i be p(-5). Let m be y(i). Calculate the greatest common divisor of 6 and m.
2
Let f be (-18)/(10 + -4) - -23. Let t be (1 + (-3)/(-4) + -1)*f. What is the highest common factor of 45 and t?
15
Let p = 